?
12
Let q be -12 + 1 + 5/(15/9). Let z be 2*(-2)/q*8. What is the highest common factor of 44 and z?
4
Suppose 0 = -14*b - 3046 + 22366. Calculate the greatest common factor of 60 and b.
60
Let o(t) = 14*t + 23. Let d be o(-1). Calculate the highest common divisor of 9 and d.
9
Let g(s) = 10*s**2 + 59*s + 11. Let q be g(-6). Calculate the greatest common divisor of q and 272.
17
Let h(q) = -18*q. Let y be h(-6). Let s = -22 - 0. Let r be (54/(-4))/(11/s). What is the greatest common divisor of y and r?
27
Let d be 341/62*(2 + 0). What is the highest common factor of d and 33?
11
Suppose 3*k - 20 = 31. Let i be 395/20 - (-1 - 3/(-4)). Let b = i - -48. What is the greatest common divisor of k and b?
17
Suppose h + 15 = -5*i, -2*h + 30 = -3*i - 2*i. Let f be 212/5 + 3 - 2/h. What is the greatest common divisor of f and 5?
5
Let f be 32*-1 + (-9)/(-9). Let b = f + 121. What is the greatest common factor of 18 and b?
18
Let v(t) = -t**3 - 15*t**2 + 33*t + 23. Let x be v(-17). What is the greatest common factor of x and 160?
40
Suppose -17*q + 13*q + 108 = 0. Suppose 0 = q*m - 30*m + 33. What is the greatest common factor of m and 44?
11
Suppose 51*i = 18*i + 396. What is the greatest common factor of 240 and i?
12
Suppose 5*h = -5*i + 70, 0 = -27*h + 30*h + 4*i - 41. Calculate the highest common divisor of h and 42.
3
Suppose 7*m - 3*m + 360 = 0. Let l be (-1 - 1)/((-4)/m). Let h = 65 + l. What is the greatest common divisor of 4 and h?
4
Let u be -3 + 0/((-25)/5) + 4. Calculate the highest common factor of 37 and u.
1
Let g = -412 + 685. Calculate the greatest common divisor of g and 156.
39
Let l = -504 - -525. What is the greatest common divisor of 133 and l?
7
Let f(y) = -4*y**2 - 4*y - 2. Let j be f(-3). Let z = 0 - j. Suppose 3*a - 337 = -5*n, -3*a + 8*a = -5*n + 345. Calculate the highest common divisor of z and n.
13
Suppose 0 = -a - 34*y + 31*y - 11, 9 = -4*a - 5*y. Suppose -5*d + 4*f = 6*f - 230, 5*f - 245 = -5*d. What is the greatest common divisor of a and d?
4
Let m(c) = 11*c - 5. Let l be (((-10)/(-4))/5 - 0)*4. Let r be m(l). What is the greatest common divisor of 68 and r?
17
Let d = -50 - -120. Let i(z) = -z**2 - z - 6. Let h be i(-5). Let r = h + 36. Calculate the highest common factor of r and d.
10
Let n(b) = 7*b**2 + 5*b - 3. Let h be n(1). What is the greatest common factor of 171 and h?
9
Suppose 43*b = 995 + 897. Calculate the greatest common divisor of 1892 and b.
44
Let b = 843 - 623. What is the greatest common factor of 40 and b?
20
Let j(l) = -28*l - 186. Let o be j(-8). Calculate the greatest common divisor of o and 95.
19
Suppose -4*r = 3*x - 2*r - 26, r = 2*x - 15. Let c(j) = 2*j**2 + 0 + 0*j - 8*j - 8. Let k be c(x). Calculate the highest common factor of k and 8.
8
Suppose -3*k - 8*x + 47 = -3*x, 55 = 4*k - x. Calculate the greatest common divisor of k and 14.
14
Let x(o) = o**2 - 6*o + 22. Let m be x(6). Calculate the highest common divisor of m and 121.
11
Suppose 8*w = 3*w + 100. Let r = -28 - -44. Let x = r - 6. Calculate the highest common factor of w and x.
10
Let c(g) = -2*g**2 - 5*g + 48. Let j be c(-6). What is the greatest common divisor of 114 and j?
6
Let g(p) = -20*p + 57. Let i be g(-8). What is the highest common divisor of i and 31?
31
Let y(r) = -3*r + 164. Let n be y(32). What is the greatest common divisor of 51 and n?
17
Let s = -45 + 50. Let j(f) = 2*f - 7. Let d be j(s). Calculate the greatest common divisor of d and 15.
3
Let x be (-8)/(-6)*((-145)/(-10) + -7). Let h be -2 + -1 - (11 + 24). Let p = x - h. Calculate the greatest common factor of 16 and p.
16
Suppose -21*v = -28 - 2009. Calculate the highest common factor of 194 and v.
97
Let q be -3 - (384/20 + -3)*5. Let f be 20/(-7)*q/24. Calculate the highest common divisor of 90 and f.
10
Let t(z) = z**3 + 10*z**2 + 11*z - 35. Let w be t(-8). Suppose 221 = 5*o + 46. What is the greatest common factor of w and o?
5
Let f(l) = 19*l - 3. Suppose -5 - 1 = -2*q. Suppose -7 = -q*h + 2*v, 0*h - 11 = -2*h - 5*v. Let w be f(h). Calculate the greatest common divisor of w and 6.
6
Suppose 47*o = 1330 + 503. What is the greatest common divisor of o and 546?
39
Let h = 0 + 1. Let d(g) = 0*g**3 - g - 19 - g**3 + 0*g**3 + 0*g**2 + 6*g**2. Let l be d(5). Calculate the greatest common factor of l and h.
1
Let j(v) = -8*v + 194. Let r be j(-8). What is the greatest common divisor of r and 688?
86
Let y = 27 + -12. Let g be 18/y*(-10)/(-3). Let h = -86 + 87. What is the greatest common divisor of g and h?
1
Let u be 5/4 + 33495/132. What is the greatest common factor of 340 and u?
85
Let f be (1026/90)/((-1)/(-15)). Suppose 11*m - 3 = 10*m. Suppose -m*l + 501 = f. What is the highest common factor of 10 and l?
10
Suppose 0 = -45*r + 58 + 617. Calculate the greatest common divisor of 885 and r.
15
Let f = 34 - 37. Let a be -3 - (0 - (f - -21)). What is the greatest common factor of 105 and a?
15
Let j = 20 + -5. Suppose 10*n - j = 5*n. Suppose 4*t = n*t + 3. What is the greatest common divisor of t and 9?
3
Suppose -2*a = -7*a + 5, 5*v - 2*a - 23 = 0. Suppose v*b - 3*b = -32. Let m = 48 + b. Calculate the greatest common divisor of 48 and m.
16
Let o be (-336)/(-18)*(-162)/(-8). Suppose -6*h + o = -0*h. Let n be (-28 - -1)*(-2)/6. Calculate the highest common divisor of n and h.
9
Let d = -186 - -268. Let c be (-4 + 2)/(-2)*-1. Let i be 1*(c + d + 4). Calculate the greatest common divisor of 34 and i.
17
Suppose 0 = n, 5*w + 13*n - 70 = 9*n. What is the highest common divisor of w and 35?
7
Let x(v) = 181*v - 10. Let p be x(2). Calculate the greatest common divisor of 11 and p.
11
Suppose -4*p + 76 = -5*t, -3*p - 264 + 290 = 4*t. Let n be 2/6 + 501/9. What is the highest common divisor of p and n?
14
Let n be (-75 - 1/(-1))/(2/(-4)). Calculate the greatest common divisor of n and 8.
4
Let q(i) be the third derivative of i**6/60 + 19*i**5/60 - i**4/2 - 7*i**3/3 - 12*i**2. Let z be q(-10). Calculate the greatest common factor of z and 66.
6
Let j be 1154/46 - 9/414*4. Calculate the highest common factor of 225 and j.
25
Let q = -1172 - -1175. Calculate the highest common factor of q and 453.
3
Let s(q) = 2*q**2 - 18*q - 37. Let g be s(-11). Calculate the highest common divisor of 13 and g.
13
Suppose -4*n - 10*n = -58254. What is the greatest common divisor of 57 and n?
57
Let h(n) = -n**3 + 12*n**2 + 12*n - 17. Let p be h(13). Let w = p - -41. Let v = 3 - -8. What is the greatest common divisor of v and w?
11
Let w(q) = 12*q**3 - 5*q - 1. Let n be w(2). Calculate the greatest common divisor of n and 15.
5
Let a(h) = -7*h**2 - 32*h - 4. Let z be a(-4). What is the greatest common divisor of z and 30?
6
Let i = 158 - 86. Let n(v) = v**2 - 5*v + 3. Let s be n(6). Let p = -1 + s. Calculate the highest common factor of p and i.
8
Let w(r) = 22*r - 193. Let h be w(9). What is the highest common factor of h and 510?
5
Let x(q) be the second derivative of -q**4/12 + 3*q**3/2 + q**2 - 2*q. Suppose 0 = 4*k + 9 - 41. Let g be x(k). Calculate the highest common factor of 15 and g.
5
Let v = 164 + -148. What is the greatest common divisor of 304 and v?
16
Suppose -4*d + 14*m + 621 = 13*m, -2*d + 312 = -2*m. What is the greatest common divisor of d and 279?
31
Suppose -10*d = -7 - 43. Suppose 0 = 11*i - 12*i + d. What is the greatest common divisor of 40 and i?
5
Suppose -4*w - 2*k = -36, -18 = -2*w - 0*k - 5*k. What is the highest common factor of 72 and w?
9
Let t = -1478 - -1639. Calculate the greatest common factor of t and 46.
23
Let c(v) = -v**3 - 12*v**2 + 48*v - 59. Let k be c(-17). Calculate the highest common factor of k and 38.
38
Let f be (-4)/18 + (-976)/(-18). Let m be ((0 + 7)/(-1) - (-1220)/(-244))/(-2). What is the highest common divisor of m and f?
6
Suppose -505 = -3*b + 6*b - 2*a, -2*b - 325 = a. Let x = b + 235. Calculate the greatest common factor of x and 28.
14
Let y = -322 + 331. Let b be ((-27)/6)/(1/(-18)). Calculate the greatest common factor of b and y.
9
Suppose -5*y = -774 - 1146. Suppose -3*i - i + y = 0. Suppose -32*o = -39*o + 84. What is the highest common divisor of i and o?
12
Suppose 9*t - 1636 = -304. Suppose -5*u = -4*g + 65, -5*g - 4*u - 36 = -t. Calculate the greatest common factor of 110 and g.
10
Let b(z) = z**2 - 2*z - 4. L